
Let x(f) = -8. Let r(d) = d - 18. Let h(v) = -2*r(v) + 5*x(v). Let y = 6 - 4. Suppose i = 5*j - 4*i + 10, -3*j = -y*i + 1. Calculate h(j).
-10
Let k = 7 + -10. Let z(i) = -9*i + 4. Let b(t) = 5*t - 2. Let l(g) = k*z(g) - 5*b(g). What is l(2)?
2
Let b(m) = 1. Let o(a) = -a**2 + a - 2. Let t(r) = 2*b(r) + o(r). Determine t(1).
0
Let l = 26 - 23. Suppose -l*w + 6 = -9. Let j(p) = 4*p - 2*p + 1 - 3*p. Give j(w).
-4
Let l(g) = -3*g**2 - 16*g - 13. Let p(v) = -v**2 - 5*v - 4. Let f(q) = 3*l(q) - 8*p(q). Let x be (2*-1 - 2) + -2. What is f(x)?
5
Suppose -3*m = -4*z - 7, -6 = -0*m + 2*m. Let j(y) = -y - 7. Determine j(z).
-3
Let o(x) be the first derivative of -7*x**3/3 - x + 1. Let n = -17 + 43. Let z = n + -27. Determine o(z).
-8
Let o(y) = -y - y**3 - 279*y**2 + 142*y**2 + 140*y**2 - 1. Calculate o(2).
1
Let j(d) = -d**3 - 2*d**2 + 4*d + 4. Let a(p) = -p + 2. Let t be 2 + 2 + (-1 - -2). Let r be a(t). What is j(r)?
1
Suppose -3*m = 3*w - w - 17, 5*w = m + 17. Let v(j) be the third derivative of -1/60*j**5 + 0*j - 1/6*j**m - 1/120*j**6 + 0 + j**2 + 1/8*j**4. Determine v(2).
-7
Let n(z) = 0*z + 4*z + 0*z - 5*z - 4. Let r be (-1 + -1)*(-21)/(-14). Determine n(r).
-1
Let o = 2 - 0. Let k(m) = 2*m**o + 9*m + 0*m**2 - 6*m. Give k(-2).
2
Let v(f) = -6*f - 3. Let x(p) = 4*p + 2. Let i(g) = 5*v(g) + 7*x(g). Give i(-1).
1
Let p(c) = -2*c - 2. Let q be ((-6)/4)/((-3)/(-6)). Let i = -5 - q. What is p(i)?
2
Let c = 1 + -1. Let v(a) = a**2 + 4*a + 2. Let m(y) = -y**2 - 3*y - 4. Let n(z) = -4*m(z) - 3*v(z). Give n(c).
10
Let s(w) = 4*w + 10. Let f(p) be the first derivative of -p**2 - 5*p + 3. Let i(r) = 5*f(r) + 2*s(r). Let u be (10/15)/((-4)/30). What is i(u)?
5
Let p = -23 - -27. Let j(k) = -4*k + 5. Determine j(p).
-11
Let r(p) = 2*p + 1. Let y be 12*(-3 + 10/3). What is r(y)?
9
Let i(f) = -4 + f**2 + 10*f + 16*f - 27*f. Determine i(4).
8
Let p(t) = 6*t. Suppose -3*y + 5*h - 20 = -2*y, 0 = -5*y + h - 76. Let a = y + 16. Calculate p(a).
6
Let l(h) = -h**2 - 2*h + 9. Let a be l(-5). Let y(q) = -q**2 - 4*q + 8. Calculate y(a).
-4
Suppose 5*w - 19 = -2*d, 0 = 2*d - 2*w + 6*w - 18. Let o(x) = -x**2 + 9*x. Give o(d).
14
Let z(v) = -7*v - 7. Let i(x) = 110*x + 98. Let r(c) = -44*c - 39. Let h(u) = 5*i(u) + 12*r(u). Let p(d) = 5*h(d) + 16*z(d). What is p(-3)?
4
Let o be (48/(-28))/((-20)/(-70)). Let y(f) = -3 + 2 - 3*f - 2. Determine y(o).
15
Let s(u) = -u**3 + 7*u**2 - 8*u + 11. Let x be s(6). Let m(i) = -2*i - 1 - 5*i**2 - i + 3*i. Give m(x).
-6
Let h = -8 + 0. Let g = h - -11. Let d(y) be the second derivative of y**4/12 - y**3 - y**2/2 + y. What is d(g)?
-10
Let s = -48 + 52. Let o(g) = -g**3 + 4*g**2 + 3. Give o(s).
3
Let v(l) = 2*l - 5*l**3 + 3*l**3 + 3*l**3 - 7 - 5*l**2. Let f(b) = 6*b - 1. Let q be f(1). Calculate v(q).
3
Suppose -2*m - 5*l + 43 = 0, 2*m - 4*l = -3*m + 58. Let w(a) = -a - 1 - a**2 + a**2 - m*a**3 + 2*a**2 + 15*a**3. Determine w(-2).
1
Let i(z) = -z**2 + 6*z - 8. Let v(k) = -k**3 + 12*k**2 - 11*k + 6. Let d be v(11). Determine i(d).
-8
Suppose 3*c - 8 - 1 = 0, 0 = -g + 5*c - 11. Suppose g*d = -12, -4*n - 7*d + 4 = -3*d. Let i(u) = -u + n*u - u. What is i(1)?
2
Let q(l) = -13*l**2 - l**3 + 6*l**2 - 4 + 0. Give q(-7).
-4
Let n(k) = -k**3 + 5*k**2 - 6*k. Suppose 0 = -5*m + 3*m + 8. Calculate n(m).
-8
Let z = -18 - -17. Let o(l) = l**3 + l**2 - 1. Let g(t) = 4*t**3 - 3*t**2 + t + 5. Let k(h) = g(h) + 4*o(h). Calculate k(z).
-7
Let d(u) = 2*u**2 + 5*u - 3. Suppose -3*w - 2 = -5*j, -4*j - 10 = w - j. Give d(w).
9
Let u(l) = -3*l - 8 + 2*l + 2*l. Let n be u(6). Let d(z) be the second derivative of -z**5/20 - z**4/6 + z**3/3 + z**2/2 - z. Give d(n).
-3
Let h(q) = -7*q**3 - q**2 - 2*q - 2. Let r be h(-1). Let x(c) = -c**3 + 5*c**2 + 5*c. What is x(r)?
-6
Let u(w) = -2*w**3 + 7*w**2 + 2*w - 3. Let j(g) = 2*g**3 - 6*g**2 - g + 2. Let s(o) = -3*j(o) - 2*u(o). Calculate s(3).
-21
Let m(j) be the third derivative of -1/20*j**5 + 1/60*j**6 + 0 - 2*j**2 + 1/3*j**3 + 1/24*j**4 + 0*j. Suppose -3*a + 3 = -3. Give m(a).
8
Let t(q) = 2*q - 10. Suppose -1 + 6 = w. Let u(j) = -3*j + 11. Let d(a) = w*t(a) + 4*u(a). Determine d(-6).
6
Let s(r) = -5*r - 20. Let l(j) = -2*j - 7. Suppose 3*k = 3, 0 = 2*d + 3*d + 2*k + 83. Let y(q) = d*l(q) + 6*s(q). What is y(-1)?
-5
Let a(s) = -s. Let o(t) = -t**2 - 8*t + 3. Let u(x) = 6*a(x) - o(x). Let c(d) = -1 - 6*d**2 - 1 + d**3 - 1. Let j be c(6). What is u(j)?
0
Let z(r) = 5*r**2 - r. Let w(k) = k**2 - 8*k + 2. Let t(i) = 1. Let b(y) = -3*t(y) + w(y). Let v be b(8). Determine z(v).
6
Let i(a) = -4 + 3*a + 2 - 2*a - 3. Let b(z) = z - 4. Let p(l) = -5*b(l) + 4*i(l). Suppose 5*m = 5*j - 25, 2*j = j + 1. What is p(m)?
4
Let y(t) = 2*t**2 - 9*t - 10. Let k = -70 + 77. What is y(k)?
25
Let i(k) = -k - 9. Let w = 8 - 6. Suppose w*v + v = -15. What is i(v)?
-4
Let o(x) = 4*x**3 - 8*x**2 + 10*x - 3. Let w(c) = 3*c**3 - 8*c**2 + 9*c - 3. Let q(f) = 2*o(f) - 3*w(f). Determine q(7).
3
Let w(b) = 2*b**2 - 8*b + 4. Let p(c) = c**2 - 4*c + 2. Let s(r) = -5*p(r) + 2*w(r). Let i = 8 - 4. What is s(i)?
-2
Let f(g) = g**3 - 3*g**2 - 4*g + 2. Let s = -15 - -19. Calculate f(s).
2
Let y(o) = 112*o**2 - 34*o**2 - 38*o**2 - 1 - 36*o**2 - o**3 - 3*o. Suppose -9 = -5*t + 4*i + 3, 4*t - 2*i - 12 = 0. Determine y(t).
-13
Let d(r) = 5*r - 1. Suppose -4 = x - 3, 0 = -3*k + 5*x + 17. Let h be (-1 - -2)*(-1 + -2). Let v = h + k. Calculate d(v).
4
Let v(p) = 2 + 3*p**2 + p**2 - 5*p**2 + 3*p. Suppose 0 + 9 = 3*z. Suppose z*y - 5 = 1. Calculate v(y).
4
Let c = 2 + 6. Suppose 2*l - c = -2*l. Let z be (l - 1)/(0 - -1). Let h(x) = -7*x**3 + x**2 - 2*x + 1. Determine h(z).
-7
Suppose 0 = -51*c + 47*c - 4. Let v(s) = -1. Let y(p) = -8*p - 2. Let k(n) = 4*v(n) - 2*y(n). Determine k(c).
-16
Let y(h) = -3 - h**3 + 9*h**2 + 29*h - 15*h**2 - 22*h. Give y(-7).
-3
Let i be (20/6)/((-4)/(-12)). Suppose 5*s - i + 5 = 0. Let h(f) be the second derivative of -5*f**3/6 - 2*f. Calculate h(s).
-5
Let d = 2 + 1. Let r(q) = -5*q**d - 3*q**3 - 7 - q**2 + 5*q**3 + 4*q**3. Calculate r(0).
-7
Let p(f) = -20*f**2 + 25*f + 21. Let k(r) = 9*r**2 - 12*r - 10. Let l(u) = -9*k(u) - 4*p(u). What is l(8)?
6
Let r(z) = -z + 3*z - z + 4. Give r(-4).
0
Let m(v) = -v**2 - 8*v - 6. Let w(x) = -x**3 - 13*x**2 - 5. Let b be w(-13). Calculate m(b).
9
Let k(m) be the third derivative of m**5/60 + 7*m**4/24 + m**3/3 - 4*m**2. Calculate k(-6).
-4
Suppose i + 3*z = 12, 2 = 5*i + 4*z - 14. Let n(b) = b**2 + b + 5*b**2 - 5*b**2 + 6. What is n(i)?
6
Let y(j) = -j**3 - 4*j**2 + 2*j. Let s(q) = -2*q - 9. Let h be s(-6). Let r be ((-6)/h + 2)/1. Suppose o + 3 + 1 = r. What is y(o)?
-8
Suppose 3*b = -2*h - h + 21, -2*b + 12 = h. Let p(w) = 0*w - w + 0 - 1 + w**h - 1. What is p(-2)?
4
Suppose -3*a - 9 = -4*n + 6, 0 = 5*n - a - 27. Let j = n + -9. Let u(i) = 2*i**2 + 3*i + 2. Determine u(j).
11
Let w(t) be the third derivative of 0 + 0*t**4 + 1/60*t**5 + 0*t + 0*t**3 + 5*t**2. Give w(-1).
1
Let g(p) = 4*p - 9. Let k(m) = -7*m + 18. Let o(f) = 5*g(f) + 3*k(f). Give o(4).
5
Suppose 4*j = -r - 4*r + 22, r - 4*j = -10. Let u(s) = -3*s + 3 + r*s + 3*s - 3*s - 5*s**2 + s**3. What is u(5)?
-2
Let r(c) be the third derivative of 3*c**2 + 0*c + 0 + c**3 + 1/24*c**4. Calculate r(-6).
0
Let y(u) = u**3 + 4*u**2 - 2*u - 4. Let k = -15 + 14. Let h be (-3 - k) + -4 + 2. Calculate y(h).
4
Suppose u = 3*h - 23, 0 = 5*h - 3*u - 60 + 15. Let t(v) be the third derivative of v**5/60 - 7*v**4/24 - v**3/2 + 2*v**2. Give t(h).
-9
Let z = 8 + -6. Suppose z*b + 6 = -q, 4*b + 4 + 10 = -q. Let l(j) = 2*j**2 - j + 1. Give l(q).
7
Let u(a) = 6*a**3 + a**2 + 2*a + 1. Suppose -7*r = -2*r - 15. Suppose -3*n + 2*w = w - 1, 5*w + 17 = r*n. Determine u(n).
-6
Let m = 8 - 10. Let f = 6 + m. Let o(i) = i. What is o(f)?
4
Let g(x) be the second derivative of x**7/2520 - 7*x**5/120 + 7*x**4/12 - 3*x. Let k(j) be the third derivative of g(j). Give k(0).
-7
Suppose 0 = 5*v + 4*t - 18, 0 = 5*v - v - 5*t - 39. Let w(k) = 0*k**2 - k**2 + 3 - v*k + 3*k**2. What is w(4)?
11
Let y(k) be the third derivative of -k**5/60 + k**4/3 + 5*k**3/6 - 19*k**2. Give y(6).
17
Let m = -61 + 54. Let j(a) = -a**3 - 8*a**2 - 6*a + 6. What is j(m)?
-1
Let k(z) = -3*z**2 + 4*z - 4. Let i = 27 + -24. Give k(i).
-19
Suppose -3*f = -1 - 11. Suppose 4*z - 2*r - 16 = 0, f*z = -4*r